{"id":996,"date":"2019-06-06T22:07:10","date_gmt":"2019-06-07T01:07:10","guid":{"rendered":"http:\/\/nathaliepsicologa.com\/?page_id=996"},"modified":"2024-10-25T17:43:00","modified_gmt":"2024-10-25T20:43:00","slug":"duvidas-frequentes","status":"publish","type":"page","link":"https:\/\/nathaliepsicologa.com\/?page_id=996","title":{"rendered":"D\u00favidas frequentes"},"content":{"rendered":"<p>[vc_row][vc_column width=&#8221;1\/2&#8243;]<div class=\"os-faq-item \">\n            <div class=\"os-faq-question-w\">\n              <div class=\"icon-w\"><i class=\"os-icon os-icon-plus-square\"><\/i><\/div>\n              <h6 class=\"os-faq-question\">Quando devo procurar um psic\u00f3logo?<\/h6>\n            <\/div>\n            <div class=\"os-faq-answer\"><p>Muitas pessoas buscam a terapia em momentos de crise, como por exemplo: quando se separam, quando s\u00e3o demitidas, falecimento de algum ente querido, colapsos nervosos, d\u00favidas em rela\u00e7\u00e3o a profiss\u00e3o e at\u00e9 brigas nos relacionamentos por causa de ci\u00fames. Poucas s\u00e3o as que querem se conhecer melhor, lidar melhor com seus sentimentos, melhorar como pessoa e em seus relacionamentos sem ter uma crise, somente quem refletiu sobre isso.<\/p>\n<p>O que considero como um momento de buscar a terapia, \u00e9 quando voc\u00ea percebe que n\u00e3o est\u00e1 conseguindo lidar com algo, que j\u00e1 tentou de tudo e mesmo assim percebe que n\u00e3o consegue. A ajuda de fora ela \u00e9 muito importante, pois o profissional poder\u00e1 te ajudar a olhar a sua vida de uma outra forma.<\/p>\n<p>Caso tenha dificuldade em procurar um profissional, comece pedindo ajuda a algum familiar ou amigo. Isso j\u00e1 \u00e9 um grande passo!<\/p>\n<\/div>\n          <\/div><div class=\"os-faq-item \">\n            <div class=\"os-faq-question-w\">\n              <div class=\"icon-w\"><i class=\"os-icon os-icon-plus-square\"><\/i><\/div>\n              <h6 class=\"os-faq-question\"> O que devo falar na primeira sess\u00e3o?<\/h6>\n            <\/div>\n            <div class=\"os-faq-answer\"><p>Essa \u00e9 uma d\u00favida bem frequente, por ser um ambiente desconhecido para muitos, \u00e9 comum buscar ficar preparado e saber o que esperar.<\/p>\n<p>Por mais ansiedade que isso possa causar, v\u00e1 de cora\u00e7\u00e3o aberto para falar sobre os motivos que o fizeram buscar a terapia e durante a conversa, vai perceber que falar\u00e1 outras coisas de forma natural.<\/p>\n<p>Fa\u00e7o perguntas sobre o que me contou e vamos dialogando at\u00e9 entrarmos no fechamento do acordo de psicoterapia.<\/p>\n<\/div>\n          <\/div><div class=\"os-faq-item \">\n            <div class=\"os-faq-question-w\">\n              <div class=\"icon-w\"><i class=\"os-icon os-icon-plus-square\"><\/i><\/div>\n              <h6 class=\"os-faq-question\"> Quanto tempo dura a terapia?<\/h6>\n            <\/div>\n            <div class=\"os-faq-answer\"><p>Cada tratamento tem suas particularidades, contamos com o tempo interno de cada um e n\u00e3o com o cronol\u00f3gico que estamos acostumados. N\u00e3o tenho como determinar o tempo, pois n\u00e3o depende somente do terapeuta, mas sim de cada paciente fazer a sua parte e quais s\u00e3o os conflitos do paciente.<\/p>\n<\/div>\n          <\/div><div class=\"os-faq-item \">\n            <div class=\"os-faq-question-w\">\n              <div class=\"icon-w\"><i class=\"os-icon os-icon-plus-square\"><\/i><\/div>\n              <h6 class=\"os-faq-question\">Em quanto tempo eu vejo os resultados da terapia?<\/h6>\n            <\/div>\n            <div class=\"os-faq-answer\"><p>Isso vai depender muito de quais s\u00e3o os seus conflitos, sua dedica\u00e7\u00e3o e como assimila o que \u00e9 falado nas sess\u00f5es. Tem pessoas que chegam com quest\u00f5es pontuais e que trabalho de forma mais objetiva e outras que tem quest\u00f5es muito mais complexas e profundas e vamos lidando aos poucos de acordo com o limite emocional da pessoa no momento.<\/p>\n<p>N\u00e3o tem um tempo certo, mas o paciente costuma falar sobre algumas mudan\u00e7as que j\u00e1 percebeu e de coisas que n\u00e3o conseguia antes e agora est\u00e1 conseguindo. Isso quer dizer que voc\u00ea vai saber quando come\u00e7ar a sentir os resultados.<\/p>\n<\/div>\n          <\/div>[\/vc_column][vc_column width=&#8221;1\/2&#8243;]<div class=\"os-faq-item \">\n            <div class=\"os-faq-question-w\">\n              <div class=\"icon-w\"><i class=\"os-icon os-icon-plus-square\"><\/i><\/div>\n              <h6 class=\"os-faq-question\"> O psic\u00f3logo pode contar para algu\u00e9m sobre o que conversamos?<\/h6>\n            <\/div>\n            <div class=\"os-faq-answer\"><p>Existe um C\u00f3digo de \u00c9tica que n\u00f3s psic\u00f3logos nos comprometemos e seguimos.<\/p>\n<p>Ele garante a confidencialidade e sigilo do que converso em consult\u00f3rio. A exce\u00e7\u00e3o \u00e9 somente para casos em que o paciente demonstre amea\u00e7a de morte a ele ou demais.<\/p>\n<p>Considero o sigilo como base de confian\u00e7a entre o paciente e o psic\u00f3logo.<\/p>\n<\/div>\n          <\/div><div class=\"os-faq-item \">\n            <div class=\"os-faq-question-w\">\n              <div class=\"icon-w\"><i class=\"os-icon os-icon-plus-square\"><\/i><\/div>\n              <h6 class=\"os-faq-question\"> O psic\u00f3logo receita rem\u00e9dio?<\/h6>\n            <\/div>\n            <div class=\"os-faq-answer\"><p>Como psic\u00f3loga cl\u00ednica, atendo pacientes que possuem: transtornos de ansiedade, depress\u00e3o ou transtorno de personalidade e com isso, posso avaliar se al\u00e9m do processo psicoterap\u00eautico, o paciente necessita de medica\u00e7\u00e3o para enfrentar sintomas f\u00edsicos e ps\u00edquicos.<\/p>\n<p>Quando identifico essa necessidade, converso com o paciente sobre os motivos e encaminho para o psiquiatra. \u00c9 importante ressaltar que nem eu e nenhum psic\u00f3logo, temos autoriza\u00e7\u00e3o a prescrever medicamentos, por mais que seja de nosso conhecimento. Essa \u00e9 uma fun\u00e7\u00e3o restrita aos profissionais de medicina, sendo o psiquiatra meu parceiro no tratamento de cada paciente.<\/p>\n<\/div>\n          <\/div><div class=\"os-faq-item \">\n            <div class=\"os-faq-question-w\">\n              <div class=\"icon-w\"><i class=\"os-icon os-icon-plus-square\"><\/i><\/div>\n              <h6 class=\"os-faq-question\"> O psic\u00f3logo pode interpretar meus sonhos?<\/h6>\n            <\/div>\n            <div class=\"os-faq-answer\"><p>N\u00f3s psic\u00f3logos n\u00e3o interpretamos sonhos, mas no contexto da psicoterapia junguiana, os sonhos podem ser analisados junto com o paciente. N\u00e3o existem an\u00e1lises prontas, isso \u00e9 constru\u00eddo nas sess\u00f5es de acordo com o que aparece nos sonhos e os s\u00edmbolos s\u00e3o levados em considera\u00e7\u00e3o de acordo com o que representam para cada um de forma individual e pessoal.<\/p>\n<p>Esse trabalho pode trazer muitas informa\u00e7\u00f5es sobre o caso do paciente e ajudar bastante no processo.<\/p>\n<\/div>\n          <\/div><div class=\"os-faq-item \">\n            <div class=\"os-faq-question-w\">\n              <div class=\"icon-w\"><i class=\"os-icon os-icon-plus-square\"><\/i><\/div>\n              <h6 class=\"os-faq-question\"> O psic\u00f3logo faz atendimento online?<\/h6>\n            <\/div>\n            <div class=\"os-faq-answer\"><p>Sim, de acordo com uma resolu\u00e7\u00e3o feita em 2012, o CFP (Conselho Federal de Psicologia) liberou a orienta\u00e7\u00e3o online com o limite de 20 sess\u00f5es podendo ser feita por skype, e-mail ou outro tipo de comunica\u00e7\u00e3o online. A restri\u00e7\u00e3o era somente para pessoas que est\u00e3o passando por algum problemas mais grave, de vulnerabilidade ou emergenciais, n\u00e3o poderiam ser atendidas dessa forma.<\/p>\n<p>Em novembro\/2018 essa resolu\u00e7\u00e3o foi atualizada e hoje n\u00e3o existem limite de sess\u00f5es para o atendimento online, pode ser feito por skype, v\u00eddeo do whatsapp ou outro tipo de ferramenta online. Os casos emergenciais ainda n\u00e3o s\u00e3o permitidos.<\/p>\n<p>Hoje eu s\u00f3 fa\u00e7o atendimentos online.<\/p>\n<\/div>\n          <\/div>[\/vc_column][\/vc_row][vc_row][vc_column][vc_column_text]Estas s\u00e3o as principais perguntas que os pacientes fazem. Caso a sua d\u00favida n\u00e3o esteja aqui, me mande uma mensagem.[\/vc_column_text][\/vc_column][\/vc_row]<\/p>\n","protected":false},"excerpt":{"rendered":"<p>[vc_row][vc_column width=&#8221;1\/2&#8243;][\/vc_column][vc_column width=&#8221;1\/2&#8243;][\/vc_column][\/vc_row][vc_row][vc_column][vc_column_text]Estas s\u00e3o as principais perguntas que os pacientes fazem. Caso a sua d\u00favida n\u00e3o esteja aqui, me mande uma mensagem.[\/vc_column_text][\/vc_column][\/vc_row]<\/p>\n","protected":false},"author":1,"featured_media":0,"parent":0,"menu_order":0,"comment_status":"closed","ping_status":"closed","template":"","meta":{"footnotes":""},"class_list":["post-996","page","type-page","status-publish","hentry"],"_links":{"self":[{"href":"https:\/\/nathaliepsicologa.com\/index.php?rest_route=\/wp\/v2\/pages\/996","targetHints":{"allow":["GET"]}}],"collection":[{"href":"https:\/\/nathaliepsicologa.com\/index.php?rest_route=\/wp\/v2\/pages"}],"about":[{"href":"https:\/\/nathaliepsicologa.com\/index.php?rest_route=\/wp\/v2\/types\/page"}],"author":[{"embeddable":true,"href":"https:\/\/nathaliepsicologa.com\/index.php?rest_route=\/wp\/v2\/users\/1"}],"replies":[{"embeddable":true,"href":"https:\/\/nathaliepsicologa.com\/index.php?rest_route=%2Fwp%2Fv2%2Fcomments&post=996"}],"version-history":[{"count":4,"href":"https:\/\/nathaliepsicologa.com\/index.php?rest_route=\/wp\/v2\/pages\/996\/revisions"}],"predecessor-version":[{"id":1057,"href":"https:\/\/nathaliepsicologa.com\/index.php?rest_route=\/wp\/v2\/pages\/996\/revisions\/1057"}],"wp:attachment":[{"href":"https:\/\/nathaliepsicologa.com\/index.php?rest_route=%2Fwp%2Fv2%2Fmedia&parent=996"}],"curies":[{"name":"wp","href":"https:\/\/api.w.org\/{rel}","templated":true}]}}